x + 4. Calculate a(9).
-4
Suppose 7*x - 4*x = -0*x. Suppose -3*d - 4*h + 25 = x, -2*h - 1 = -0*d - 3*d. Let w(t) = -t - 3*t - 2 + t**3 + 0*t**3 - 4*t**2 + 0*t**d. What is w(5)?
3
Let n(j) = -19*j + 130. Suppose 11*g + 55 = 5*l + 7*g, -2*l + 34 = -4*g. What is n(l)?
-3
Let d(q) = 2*q**2 - 11*q**2 + 22*q - 43*q + 21*q. Suppose p - u = 5, 5*p + 2*u = 3*u + 9. Give d(p).
-9
Let y(n) be the second derivative of -n**4/12 - 11*n**3/2 - 112*n**2 - 2*n - 70. Determine y(-23).
6
Let h(r) = -19*r**3 - 13*r**2 - 51*r - 33. Let z(u) = -16*u**3 - 15*u**2 - 47*u - 31. Let m(n) = -5*h(n) + 6*z(n). What is m(-24)?
51
Let p(x) = x**2 + 8*x + 6. Let t = 22 + -8. Let z be (-2)/t + ((-76)/7 - 3). Let l be (z - (-3 - 1)) + 3. Determine p(l).
-1
Let x(d) = d**3 + 7*d**2 - 5. Suppose 12*l + 7 = 11*l. Let t = 27 + l. Suppose -4*i - 5 = -3*v + 8, -t = 5*i - 3*v. Give x(i).
-5
Suppose 0 = -2*g - 4*c + 16, -6*g - 4*c = -5*g - 14. Suppose 4 = -g*s + 4*s. Let a(f) = 28 + 0*f - 2*f - 25. Give a(s).
-1
Let m(o) be the first derivative of o**4/4 - 11*o**3 - 69*o**2/2 - 46*o + 3542. Calculate m(35).
-11
Let h(s) = -11*s**2 + 637*s + 50. Let i be h(58). Let u(y) = -y**3 - 9*y**2 - 5*y + 9. Determine u(i).
-15
Let w be (4 - 0 - 3) + -1. Suppose w = -h - 0 + 5. Let a(l) = -2 - 45*l + l**2 - 3 + 3 + 42*l. Calculate a(h).
8
Let d(h) be the first derivative of h**4/4 + 2*h**3 + 7*h**2/2 - h - 586. Calculate d(-6).
-43
Let m = -341 - -347. Let s be (-4 + (-85)/(-10))/(m/4). Let j(z) = 2*z**2 - 5*z + 3. What is j(s)?
6
Let a(j) = j**2 + 11*j + 7. Suppose -m - 3*m = -2*b - 34, 3*m + 24 = -4*b. Let y be 27/4 - (36/16)/b. Let n be y/(-7)*(6 - 0). What is a(n)?
-23
Let q(n) = -3*n - 10 - 43*n**3 - 34*n**3 + 112*n**3 - 42*n**3 - 8*n**2. Let j(u) = 3*u**3 + 5*u**2 + 2*u + 5. Let d(v) = 5*j(v) + 2*q(v). Determine d(-8).
37
Let r(f) = f**3 - 7*f**2 + f - 2. Let n be (-17)/1 - (-27)/(7 - -2). Let p be n/3*(-15)/10. What is r(p)?
5
Let i(b) = -9*b - 10. Let z(v) = 11*v - 1. Let n(y) = 6*i(y) + 5*z(y). Give n(19).
-46
Suppose -7*h + 189 = 9*h - 291. Let s(w) = -2*w + 65. What is s(h)?
5
Let t(i) = -i**3 + 10*i**2 - 9*i + 8. Suppose -5*b + 2*h = -60, -60*b + 56*b = 2*h - 30. Calculate t(b).
-82
Let h(s) = -s**2 + 9*s - 15. Let y be 1850/185 - -2*(-2)/2. Let j be h(y). Let d(b) = b**3 + 8*b**2 + 5*b - 8. What is d(j)?
6
Suppose 3*y + 3*h - 12 = 0, 14 = 3*y + 27*h - 26*h. Suppose 56 = -y*b - 0*b - m, 5*m = -2*b - 27. Let c(x) = x**2 + 16*x + 13. Determine c(b).
-42
Let y = -147 - -230. Let a = y - 77. Suppose -3*o = -a + 9. Let w(b) = 3*b**2. Determine w(o).
3
Let s(y) = -y**3 - 4*y**2 - 3. Let b be 1/((2 - 0)/912). Suppose b = -5*m + 2*f, -167 = 5*m + 3*f + 274. Let q be 4/(-18) + (-5)/m*-68. What is s(q)?
-3
Let s(u) be the second derivative of -2*u**3 + 3*u**2 + 9*u + 42. What is s(10)?
-114
Suppose -h - 2*d = 6, 33*h - 37*h - 4*d - 24 = 0. Let o(a) = -11*a - 69. Determine o(h).
-3
Suppose -4*l = 5 - 21. Let t(u) be the first derivative of 3 + u + 1/4*u**4 - u**3 - 5/2*u**2. What is t(l)?
-3
Let u(d) = 9*d + 2. Let o(z) = -50*z - 58. Let r(t) = -o(t) - 6*u(t). Give r(7).
18
Suppose 0 = -2*z + 5*o + 21 + 14, 3*z - 3*o = 30. Let h(s) = -1118 + s**2 - 1117 - 2*s - 6*s + 2223. Determine h(z).
-27
Let u be (-10)/(-15) + (-95800)/(-30). Let q(l) = -1600 - 3*l - 1594 + u. Let p be (3 - 0) + (-1)/(-1). Give q(p).
-12
Let r(k) = 30. Let t(p) = -p - 146. Let s(w) = 5*r(w) + t(w). What is s(-18)?
22
Let g(q) = -q**2 - 12*q + 3. Let c(b) = -3*b**2 - 37*b + 10. Let i(k) = -2*c(k) + 7*g(k). Let n be (-11)/((-198)/(-24))*(-45)/(-6). What is i(n)?
1
Let m(b) be the third derivative of 47*b**6/40 + b**5/60 + 827*b**2 + 2. What is m(1)?
142
Let j(i) be the first derivative of -i**3/3 + 23*i**2/2 + 10*i - 1594. Calculate j(21).
52
Suppose 120 - 111 = 2*v - 3*j, -3*v + 4*j + 10 = 0. Let f(x) = 33*x + 199. Determine f(v).
1
Let v(a) = a**3 + 4*a**2 + 13. Let p be v(-6). Let t = -63 - p. Let u(w) = w**2 + w. Let q(l) = 2*l**2 - l + 1. Let n(i) = q(i) - 4*u(i). Determine n(t).
-11
Let l(m) = -4*m**3 - m**2 + 4*m - 2. Let s(h) = 5*h**3 + 2*h**2 - 5*h + 2. Let j(u) = 6*l(u) + 5*s(u). Suppose 4540 = 23*w + 4632. Determine j(w).
2
Let o(i) = i. Let a(q) be the third derivative of -q**6/120 + q**5/10 - q**4/24 + 4*q**3/3 + 2*q**2 + 30. Let n be a(6). Calculate o(n).
2
Let y = -109 - -115. Let p(o) = -o**2 + 15*o - 17. Let w be p(13). Let q(v) = v - 8. Let r(u) = 4*u - 31. Let s(i) = w*q(i) - 2*r(i). What is s(y)?
-4
Suppose 3*g - 6 = 0, -2*f - 14*g + 19*g = 10. Let z(q) = 3*q + 1. Let o(n) = n + 1. Let s(y) = -5*o(y) + 2*z(y). What is s(f)?
-3
Let t(h) = 30*h + 137. Suppose -4*q - 20 = -3*c, q + 3*c = -c - 5. Determine t(q).
-13
Suppose 51*u + 107 - 857 = u. Let t(m) = m - 40. What is t(u)?
-25
Let x be 6*(-85)/(-35) + 15/35. Let m(y) = -6*y + 85. Determine m(x).
-5
Suppose 83*r + 225 = 108*r. Let l(h) be the first derivative of -1/2*h**2 + 3*h - r. Determine l(4).
-1
Let d(f) = -3 + 5*f**2 - 8*f**2 + f**3 - 9 - 9*f + 9*f**2. Let c be d(-7). Let j(t) = -29 + 287*t + t**c - 570*t + 282*t. Determine j(0).
-29
Let s(w) = -w**3 - 13*w**2 + 5*w + 189. Let f be s(-12). Let o(q) = q**3 + 17*q**2 + 31*q + 32. Calculate o(f).
17
Let h(j) = 16*j - 36. Let c be h(10). Let d = 134 - c. Let k(v) = v**2 - 10*v + 2. What is k(d)?
2
Let m(n) be the second derivative of -n**5/60 + n**4/6 + 2*n**3/3 - 99*n**2 - 76*n - 2. Let a(l) be the first derivative of m(l). What is a(7)?
-17
Let a be (-36)/(-48) - 50/(-8). Let s be (3 - 14/a) + 5 + -2. Let z(v) = -v**2 + 3*v + 1. Calculate z(s).
-3
Let d(m) = -2*m**2 - 5*m + 4. Let j be d(-4). Let z(q) = -2*q**2 + q - 1. Let u(y) = -3*y**2 - 8*y - 3. Let b(r) = -u(r) + z(r). Determine b(j).
-6
Let a(b) be the second derivative of -5/2*b**2 - 1/12*b**4 + 0 + b - 11/6*b**3. Let r = -96706 - -96702. Calculate a(r).
23
Suppose 3*w = 3*v + 9, 4*w - 22 = v - 7. Let c = 13 - 2. Let k(o) = 17*o**2 - 21*o + 5. Let y(g) = -6*g**2 + 7*g - 2. Let s(b) = c*y(b) + w*k(b). What is s(5)?
13
Let k = -399 - -403. Let r(v) = -7*v**3 + k*v - 13*v**3 - 4*v + 6 + 21*v**3 + 5*v**2. What is r(-5)?
6
Let o be (-5 + 8)*1 + 4. Let t(x) = -x**2 + 2*x**3 + 6*x + 210 - o*x - 209. Calculate t(2).
11
Suppose -10 = 4*r + 6. Let m(k) be the first derivative of -425 + k**2 + 77 + 3*k + 156. Calculate m(r).
-5
Let h = -455 - -184. Let v = h - -267. Let i(t) = 2*t. What is i(v)?
-8
Let w be (-1 + -5)*(-12)/18. Let z(y) = -6 + 2 - w*y**2 - 2*y - 16*y + 21*y. Determine z(1).
-5
Let m(i) = 48*i + 5. Let v(c) = 124*c + 10. Let l(z) = -5*m(z) + 2*v(z). Calculate l(0).
-5
Let y = -996 - -999. Let a(j) be the first derivative of 2*j**2 + 0*j - 2 + 1/3*j**y. What is a(-6)?
12
Suppose 12 = -7*q + 11*q. Let o(z) = -z. Let a(t) = 18 - 39 - t + 4*t**3 - 2*t**2 - 3*t**3 + 18. Let r(u) = a(u) - 4*o(u). Calculate r(q).
15
Suppose 2*m = 3*k - 0 + 1, -4*m = -5*k - 5. Suppose -m*x - x = 6. Let r(y) = -y**2 - y - 1. Give r(x).
-1
Let n = 10831 + -10836. Let t(w) = 1 - 3*w + w**3 - 4*w**2 + 10*w + 11*w**2. Determine t(n).
16
Let i = 101 - 94. Let t(n) = -n + 23. Let j(h) = h - 26. Let y(g) = i*t(g) + 6*j(g). Determine y(6).
-1
Let v(k) = 5623 - 5638 + 69*k - 61*k. What is v(1)?
-7
Let t(i) be the second derivative of -i**5/20 - i**4/4 - i**3/2 - 2*i**2 + 1924*i. Suppose 125*z - 130*z = 15. What is t(z)?
5
Let j(u) = -4*u**3 - 17*u**2 - 12*u + 8. Let k(z) = 3*z**3 + 12*z**2 + 8*z - 5. Let a(v) = 7*j(v) + 10*k(v). Determine a(2).
18
Let g(i) be the first derivative of 3/2*i**2 - 5*i + 1/3*i**3 + 55. Calculate g(-6).
13
Let o(y) = 17 + 11*y + 14 + 26 - 48. Let g(w) = -23*w - 19. Let v(j) = 6*g(j) + 13*o(j). Suppose 3*i - 3*k = 21, -21 = -5*i - 2*k - 0*k. What is v(i)?
28
Let y(w) be the first derivative of -w**3/3 + 2*w**2 - 5*w + 5462. Let t(k) = 3*k - 1. Let a be t(1). Determine y(a).
-1
Let k = -4324 + 4318. Let n(o) = -o**3 - 7*o**2 + 2*o + 11. Give n(k).
-37
Let p(z) = -4*z**3 - 3*z**2 + 25*z - 6. Let u(v) = 11*v**3 + 12*v**2 - 76*v + 15. Let s(b) = -8*p(b) - 3*u(b). Determine s(-14).
3
Let r(n) = n**2 - 4*n + 5. Let i(w) = 2*w - 5. Let c be i(-5). Let j(k) = -k**2 + 39*k + 111. Let v be j(42). Let l be (-6)/c - 54/v. What is r(l)?
5
Let q(s) = s**2 + 3*s + 3. Suppose -515*a - 28 = -501*a. Determine q(a).
1
Suppose 50*l + 8 = -2*o + 53*l, -4*o = 2*l +